{"id":16,"date":"2013-10-17T12:48:20","date_gmt":"2013-10-17T12:48:20","guid":{"rendered":"http:\/\/democracycuba.com\/Blog\/?page_id=16"},"modified":"2016-01-19T15:42:13","modified_gmt":"2016-01-19T15:42:13","slug":"about-the-author","status":"publish","type":"page","link":"https:\/\/lademocracia.com\/Blog\/about-the-author\/","title":{"rendered":"Acerca de Arnold August"},"content":{"rendered":"<p><strong>Arnold August (Montreal, Canad\u00e1, 1944).<\/strong><\/p>\n<p><a href=\"http:\/\/lademocracia.com\/Blog\/wp-content\/uploads\/2013\/10\/MG_0922.jpg\"><img loading=\"lazy\" decoding=\"async\" width=\"196\" height=\"300\" class=\"alignright wp-image-356 size-full\" src=\"http:\/\/lademocracia.com\/Blog\/wp-content\/uploads\/2013\/10\/MG_0922-196x300.jpg\" alt=\"Arnold August\" srcset=\"https:\/\/lademocracia.com\/Blog\/wp-content\/uploads\/2013\/10\/MG_0922-196x300.jpg 196w, https:\/\/lademocracia.com\/Blog\/wp-content\/uploads\/2013\/10\/MG_0922.jpg 242w\" sizes=\"auto, (max-width: 196px) 100vw, 196px\" \/><\/a>Tiene una maestr\u00eda en Ciencias Pol\u00edticas de la Universidad McGill de Montreal. Escritor, periodista y conferencista, es autor de <em>Democracy in Cuba and the 1997-98 Elections<\/em> (Editorial Jos\u00e9 Mart\u00ed, La Habana, 1999). Escribi\u00f3 asimismo un cap\u00edtulo intitulado \u00abSocialism and Elections\u00bb para la colecci\u00f3n <em>Cuban Socialism in a New Century<\/em> (University Press of Florida, 2004, serie Cuba Contempor\u00e1nea, editado por John Kirk).<\/p>\n<p><em>Cuba y sus vecinos: Democracia en movimiento<\/em> apareci\u00f3 en ingl\u00e9s en 2013 y en espa\u00f1ol en 2015 en Cuba (Editorial Ciencias Sociales). Los vecinos- Venezuela, Bolivia, Ecuador por un lado y EE.UU. por otro.<\/p>\n<p>Ha sido publicado igualmente en coreano por una editorial progresista de Corea del Sur.<\/p>\n<p>En el per\u00edodo de 2007 a 2015, como parte de la campa\u00f1a contra la desinformaci\u00f3n constante de los medios sobre temas de actualidad, escribi\u00f3 m\u00e1s de 60 art\u00edculos sobre Cuba, relaciones Cuba-<span class=\"smallcaps_normal\">EE<\/span>.<span class=\"smallcaps_normal\">UU<\/span>., los cinco cubanos y sobre Am\u00e9rica Latina (en particular Venezuela) en muchos sitios web del mundo En ese mismo lapso concedi\u00f3 m\u00faltiples entrevistas a programas de la radio y televisi\u00f3n alternativa de los Estados Unidos de Am\u00e9rica, Canad\u00e1 y Venezuela.<\/p>\n<p>En 2013, recibi\u00f3 la Distinci\u00f3n F\u00e9lix Elmuza, m\u00e1xima condecoraci\u00f3n que se otorga a periodistas nacionales y extranjeros a propuesta de la Presidencia de la Uni\u00f3n de Periodistas de Cuba (<span class=\"smallcaps_normal\">UPEC<\/span>).<\/p>\n<p>Sobre la base de sus libros publicados en ingl\u00e9s, desde 1999 hasta la fecha ha dictado conferencias en universidades de los Estados Unidos de Am\u00e9rica, Canad\u00e1, Europa, Cuba y Puerto Rico.<\/p>\n<p>Arnold es miembro de la Asociaci\u00f3n de Estudios Latinoamericanos (<span class=\"smallcaps_normal\">LASA<\/span>, por sus siglas en ingl\u00e9s), cuya sede est\u00e1 en los Estados Unidos de Am\u00e9rica, la Asociaci\u00f3n Canadiense de Estudios Latinoamericanos y del Caribe (<span class=\"smallcaps_normal\">ACELC<\/span>), as\u00ed como de la C\u00e1tedra de Investigaciones de la Universidad de Nottingham sobre Cuba, Gran Breta\u00f1a y la Red de Intelectuales, Artistas y Movimientos Sociales en Defensa de la Humanidad basada en Caracas.<\/p>\n<p>\u00c9l contribuye art\u00edculos a CubaDebate (Cuba), Rebeli\u00f3n (Espa\u00f1a), CubaPeriodistas (Cuba), Alainet (Ecuador), La pupila insomne (Cuba), Resumen (Argentina), Red de Intelectuales (Venezuela), Global Research (Canad\u00e1), y otros.<\/p>\n","protected":false},"excerpt":{"rendered":"<p>Arnold August (Montreal, Canad\u00e1, 1944). Tiene una maestr\u00eda en Ciencias Pol\u00edticas de la Universidad McGill de Montreal. Escritor, periodista y conferencista, es autor de Democracy in Cuba and the 1997-98 <a class=\"more-link\" href=\"https:\/\/lademocracia.com\/Blog\/about-the-author\/\">Sigue leyendo \u2192<\/a><\/p>\n","protected":false},"author":1,"featured_media":0,"parent":0,"menu_order":0,"comment_status":"closed","ping_status":"open","template":"","meta":{"footnotes":""},"class_list":["post-16","page","type-page","status-publish","hentry"],"yoast_head":"<!-- This site is optimized with the Yoast SEO plugin v27.3 - https:\/\/yoast.com\/product\/yoast-seo-wordpress\/ -->\n<title>Acerca de Arnold August -<\/title>\n<meta name=\"robots\" content=\"index, follow, max-snippet:-1, max-image-preview:large, max-video-preview:-1\" \/>\n<link rel=\"canonical\" href=\"https:\/\/lademocracia.com\/Blog\/about-the-author\/\" \/>\n<meta property=\"og:locale\" content=\"es_ES\" \/>\n<meta property=\"og:type\" content=\"article\" \/>\n<meta property=\"og:title\" content=\"Acerca de Arnold August -\" \/>\n<meta property=\"og:description\" content=\"Arnold August (Montreal, Canad\u00e1, 1944). Tiene una maestr\u00eda en Ciencias Pol\u00edticas de la Universidad McGill de Montreal. Escritor, periodista y conferencista, es autor de Democracy in Cuba and the 1997-98 Sigue leyendo \u2192\" \/>\n<meta property=\"og:url\" content=\"https:\/\/lademocracia.com\/Blog\/about-the-author\/\" \/>\n<meta property=\"article:modified_time\" content=\"2016-01-19T15:42:13+00:00\" \/>\n<meta property=\"og:image\" content=\"http:\/\/lademocracia.com\/Blog\/wp-content\/uploads\/2013\/10\/MG_0922-196x300.jpg\" \/>\n<meta name=\"twitter:label1\" content=\"Tiempo de lectura\" \/>\n\t<meta name=\"twitter:data1\" content=\"2 minutos\" \/>\n<script type=\"application\/ld+json\" class=\"yoast-schema-graph\">{\"@context\":\"https:\\\/\\\/schema.org\",\"@graph\":[{\"@type\":\"WebPage\",\"@id\":\"https:\\\/\\\/lademocracia.com\\\/Blog\\\/about-the-author\\\/\",\"url\":\"https:\\\/\\\/lademocracia.com\\\/Blog\\\/about-the-author\\\/\",\"name\":\"Acerca de Arnold August -\",\"isPartOf\":{\"@id\":\"https:\\\/\\\/lademocracia.com\\\/Blog\\\/#website\"},\"primaryImageOfPage\":{\"@id\":\"https:\\\/\\\/lademocracia.com\\\/Blog\\\/about-the-author\\\/#primaryimage\"},\"image\":{\"@id\":\"https:\\\/\\\/lademocracia.com\\\/Blog\\\/about-the-author\\\/#primaryimage\"},\"thumbnailUrl\":\"http:\\\/\\\/lademocracia.com\\\/Blog\\\/wp-content\\\/uploads\\\/2013\\\/10\\\/MG_0922-196x300.jpg\",\"datePublished\":\"2013-10-17T12:48:20+00:00\",\"dateModified\":\"2016-01-19T15:42:13+00:00\",\"breadcrumb\":{\"@id\":\"https:\\\/\\\/lademocracia.com\\\/Blog\\\/about-the-author\\\/#breadcrumb\"},\"inLanguage\":\"es\",\"potentialAction\":[{\"@type\":\"ReadAction\",\"target\":[\"https:\\\/\\\/lademocracia.com\\\/Blog\\\/about-the-author\\\/\"]}]},{\"@type\":\"ImageObject\",\"inLanguage\":\"es\",\"@id\":\"https:\\\/\\\/lademocracia.com\\\/Blog\\\/about-the-author\\\/#primaryimage\",\"url\":\"https:\\\/\\\/lademocracia.com\\\/Blog\\\/wp-content\\\/uploads\\\/2013\\\/10\\\/MG_0922.jpg\",\"contentUrl\":\"https:\\\/\\\/lademocracia.com\\\/Blog\\\/wp-content\\\/uploads\\\/2013\\\/10\\\/MG_0922.jpg\",\"width\":242,\"height\":371},{\"@type\":\"BreadcrumbList\",\"@id\":\"https:\\\/\\\/lademocracia.com\\\/Blog\\\/about-the-author\\\/#breadcrumb\",\"itemListElement\":[{\"@type\":\"ListItem\",\"position\":1,\"name\":\"Portada\",\"item\":\"https:\\\/\\\/lademocracia.com\\\/Blog\\\/\"},{\"@type\":\"ListItem\",\"position\":2,\"name\":\"Acerca de Arnold August\"}]},{\"@type\":\"WebSite\",\"@id\":\"https:\\\/\\\/lademocracia.com\\\/Blog\\\/#website\",\"url\":\"https:\\\/\\\/lademocracia.com\\\/Blog\\\/\",\"name\":\"\",\"description\":\"\",\"potentialAction\":[{\"@type\":\"SearchAction\",\"target\":{\"@type\":\"EntryPoint\",\"urlTemplate\":\"https:\\\/\\\/lademocracia.com\\\/Blog\\\/?s={search_term_string}\"},\"query-input\":{\"@type\":\"PropertyValueSpecification\",\"valueRequired\":true,\"valueName\":\"search_term_string\"}}],\"inLanguage\":\"es\"}]}<\/script>\n<!-- \/ Yoast SEO plugin. -->","yoast_head_json":{"title":"Acerca de Arnold August -","robots":{"index":"index","follow":"follow","max-snippet":"max-snippet:-1","max-image-preview":"max-image-preview:large","max-video-preview":"max-video-preview:-1"},"canonical":"https:\/\/lademocracia.com\/Blog\/about-the-author\/","og_locale":"es_ES","og_type":"article","og_title":"Acerca de Arnold August -","og_description":"Arnold August (Montreal, Canad\u00e1, 1944). Tiene una maestr\u00eda en Ciencias Pol\u00edticas de la Universidad McGill de Montreal. Escritor, periodista y conferencista, es autor de Democracy in Cuba and the 1997-98 Sigue leyendo \u2192","og_url":"https:\/\/lademocracia.com\/Blog\/about-the-author\/","article_modified_time":"2016-01-19T15:42:13+00:00","og_image":[{"url":"http:\/\/lademocracia.com\/Blog\/wp-content\/uploads\/2013\/10\/MG_0922-196x300.jpg","type":"","width":"","height":""}],"twitter_misc":{"Tiempo de lectura":"2 minutos"},"schema":{"@context":"https:\/\/schema.org","@graph":[{"@type":"WebPage","@id":"https:\/\/lademocracia.com\/Blog\/about-the-author\/","url":"https:\/\/lademocracia.com\/Blog\/about-the-author\/","name":"Acerca de Arnold August -","isPartOf":{"@id":"https:\/\/lademocracia.com\/Blog\/#website"},"primaryImageOfPage":{"@id":"https:\/\/lademocracia.com\/Blog\/about-the-author\/#primaryimage"},"image":{"@id":"https:\/\/lademocracia.com\/Blog\/about-the-author\/#primaryimage"},"thumbnailUrl":"http:\/\/lademocracia.com\/Blog\/wp-content\/uploads\/2013\/10\/MG_0922-196x300.jpg","datePublished":"2013-10-17T12:48:20+00:00","dateModified":"2016-01-19T15:42:13+00:00","breadcrumb":{"@id":"https:\/\/lademocracia.com\/Blog\/about-the-author\/#breadcrumb"},"inLanguage":"es","potentialAction":[{"@type":"ReadAction","target":["https:\/\/lademocracia.com\/Blog\/about-the-author\/"]}]},{"@type":"ImageObject","inLanguage":"es","@id":"https:\/\/lademocracia.com\/Blog\/about-the-author\/#primaryimage","url":"https:\/\/lademocracia.com\/Blog\/wp-content\/uploads\/2013\/10\/MG_0922.jpg","contentUrl":"https:\/\/lademocracia.com\/Blog\/wp-content\/uploads\/2013\/10\/MG_0922.jpg","width":242,"height":371},{"@type":"BreadcrumbList","@id":"https:\/\/lademocracia.com\/Blog\/about-the-author\/#breadcrumb","itemListElement":[{"@type":"ListItem","position":1,"name":"Portada","item":"https:\/\/lademocracia.com\/Blog\/"},{"@type":"ListItem","position":2,"name":"Acerca de Arnold August"}]},{"@type":"WebSite","@id":"https:\/\/lademocracia.com\/Blog\/#website","url":"https:\/\/lademocracia.com\/Blog\/","name":"","description":"","potentialAction":[{"@type":"SearchAction","target":{"@type":"EntryPoint","urlTemplate":"https:\/\/lademocracia.com\/Blog\/?s={search_term_string}"},"query-input":{"@type":"PropertyValueSpecification","valueRequired":true,"valueName":"search_term_string"}}],"inLanguage":"es"}]}},"_links":{"self":[{"href":"https:\/\/lademocracia.com\/Blog\/wp-json\/wp\/v2\/pages\/16","targetHints":{"allow":["GET"]}}],"collection":[{"href":"https:\/\/lademocracia.com\/Blog\/wp-json\/wp\/v2\/pages"}],"about":[{"href":"https:\/\/lademocracia.com\/Blog\/wp-json\/wp\/v2\/types\/page"}],"author":[{"embeddable":true,"href":"https:\/\/lademocracia.com\/Blog\/wp-json\/wp\/v2\/users\/1"}],"replies":[{"embeddable":true,"href":"https:\/\/lademocracia.com\/Blog\/wp-json\/wp\/v2\/comments?post=16"}],"version-history":[{"count":5,"href":"https:\/\/lademocracia.com\/Blog\/wp-json\/wp\/v2\/pages\/16\/revisions"}],"predecessor-version":[{"id":360,"href":"https:\/\/lademocracia.com\/Blog\/wp-json\/wp\/v2\/pages\/16\/revisions\/360"}],"wp:attachment":[{"href":"https:\/\/lademocracia.com\/Blog\/wp-json\/wp\/v2\/media?parent=16"}],"curies":[{"name":"wp","href":"https:\/\/api.w.org\/{rel}","templated":true}]}}

<p><strong>Arnold August (Montreal, Canadá, 1944).</strong></p>
<p><a href="http://lademocracia.com/Blog/wp-content/uploads/2013/10/MG_0922.jpg"><img loading="lazy" decoding="async" width="196" height="300" class="alignright wp-image-356 size-full" src="http://lademocracia.com/Blog/wp-content/uploads/2013/10/MG_0922-196x300.jpg" alt="Arnold August" srcset="https://lademocracia.com/Blog/wp-content/uploads/2013/10/MG_0922-196x300.jpg 196w, https://lademocracia.com/Blog/wp-content/uploads/2013/10/MG_0922.jpg 242w" sizes="auto, (max-width: 196px) 100vw, 196px" /></a>Tiene una maestría en Ciencias Políticas de la Universidad McGill de Montreal. Escritor, periodista y conferencista, es autor de <em>Democracy in Cuba and the 1997-98 Elections</em> (Editorial José Martí, La Habana, 1999). Escribió asimismo un capítulo intitulado «Socialism and Elections» para la colección <em>Cuban Socialism in a New Century</em> (University Press of Florida, 2004, serie Cuba Contemporánea, editado por John Kirk).</p>
<p><em>Cuba y sus vecinos: Democracia en movimiento</em> apareció en inglés en 2013 y en español en 2015 en Cuba (Editorial Ciencias Sociales). Los vecinos- Venezuela, Bolivia, Ecuador por un lado y EE.UU. por otro.</p>
<p>Ha sido publicado igualmente en coreano por una editorial progresista de Corea del Sur.</p>
<p>En el período de 2007 a 2015, como parte de la campaña contra la desinformación constante de los medios sobre temas de actualidad, escribió más de 60 artículos sobre Cuba, relaciones Cuba-<span class="smallcaps_normal">EE</span>.<span class="smallcaps_normal">UU</span>., los cinco cubanos y sobre América Latina (en particular Venezuela) en muchos sitios web del mundo En ese mismo lapso concedió múltiples entrevistas a programas de la radio y televisión alternativa de los Estados Unidos de América, Canadá y Venezuela.</p>
<p>En 2013, recibió la Distinción Félix Elmuza, máxima condecoración que se otorga a periodistas nacionales y extranjeros a propuesta de la Presidencia de la Unión de Periodistas de Cuba (<span class="smallcaps_normal">UPEC</span>).</p>
<p>Sobre la base de sus libros publicados en inglés, desde 1999 hasta la fecha ha dictado conferencias en universidades de los Estados Unidos de América, Canadá, Europa, Cuba y Puerto Rico.</p>
<p>Arnold es miembro de la Asociación de Estudios Latinoamericanos (<span class="smallcaps_normal">LASA</span>, por sus siglas en inglés), cuya sede está en los Estados Unidos de América, la Asociación Canadiense de Estudios Latinoamericanos y del Caribe (<span class="smallcaps_normal">ACELC</span>), así como de la Cátedra de Investigaciones de la Universidad de Nottingham sobre Cuba, Gran Bretaña y la Red de Intelectuales, Artistas y Movimientos Sociales en Defensa de la Humanidad basada en Caracas.</p>
<p>Él contribuye artículos a CubaDebate (Cuba), Rebelión (España), CubaPeriodistas (Cuba), Alainet (Ecuador), La pupila insomne (Cuba), Resumen (Argentina), Red de Intelectuales (Venezuela), Global Research (Canadá), y otros.</p>

<p>Arnold August (Montreal, Canadá, 1944). Tiene una maestría en Ciencias Políticas de la Universidad McGill de Montreal. Escritor, periodista y conferencista, es autor de Democracy in Cuba and the 1997-98 <a class="more-link" href="https://lademocracia.com/Blog/about-the-author/">Sigue leyendo →</a></p>

<!-- This site is optimized with the Yoast SEO plugin v27.3 - https://yoast.com/product/yoast-seo-wordpress/ -->
<title>Acerca de Arnold August -</title>
<meta name="robots" content="index, follow, max-snippet:-1, max-image-preview:large, max-video-preview:-1" />
<link rel="canonical" href="https://lademocracia.com/Blog/about-the-author/" />
<meta property="og:locale" content="es_ES" />
<meta property="og:type" content="article" />
<meta property="og:title" content="Acerca de Arnold August -" />
<meta property="og:description" content="Arnold August (Montreal, Canadá, 1944). Tiene una maestría en Ciencias Políticas de la Universidad McGill de Montreal. Escritor, periodista y conferencista, es autor de Democracy in Cuba and the 1997-98 Sigue leyendo →" />
<meta property="og:url" content="https://lademocracia.com/Blog/about-the-author/" />
<meta property="article:modified_time" content="2016-01-19T15:42:13+00:00" />
<meta property="og:image" content="http://lademocracia.com/Blog/wp-content/uploads/2013/10/MG_0922-196x300.jpg" />
<meta name="twitter:label1" content="Tiempo de lectura" />
	<meta name="twitter:data1" content="2 minutos" />
<script type="application/ld+json" class="yoast-schema-graph">{"@context":"https:\/\/schema.org","@graph":[{"@type":"WebPage","@id":"https:\/\/lademocracia.com\/Blog\/about-the-author\/","url":"https:\/\/lademocracia.com\/Blog\/about-the-author\/","name":"Acerca de Arnold August -","isPartOf":{"@id":"https:\/\/lademocracia.com\/Blog\/#website"},"primaryImageOfPage":{"@id":"https:\/\/lademocracia.com\/Blog\/about-the-author\/#primaryimage"},"image":{"@id":"https:\/\/lademocracia.com\/Blog\/about-the-author\/#primaryimage"},"thumbnailUrl":"http:\/\/lademocracia.com\/Blog\/wp-content\/uploads\/2013\/10\/MG_0922-196x300.jpg","datePublished":"2013-10-17T12:48:20+00:00","dateModified":"2016-01-19T15:42:13+00:00","breadcrumb":{"@id":"https:\/\/lademocracia.com\/Blog\/about-the-author\/#breadcrumb"},"inLanguage":"es","potentialAction":[{"@type":"ReadAction","target":["https:\/\/lademocracia.com\/Blog\/about-the-author\/"]}]},{"@type":"ImageObject","inLanguage":"es","@id":"https:\/\/lademocracia.com\/Blog\/about-the-author\/#primaryimage","url":"https:\/\/lademocracia.com\/Blog\/wp-content\/uploads\/2013\/10\/MG_0922.jpg","contentUrl":"https:\/\/lademocracia.com\/Blog\/wp-content\/uploads\/2013\/10\/MG_0922.jpg","width":242,"height":371},{"@type":"BreadcrumbList","@id":"https:\/\/lademocracia.com\/Blog\/about-the-author\/#breadcrumb","itemListElement":[{"@type":"ListItem","position":1,"name":"Portada","item":"https:\/\/lademocracia.com\/Blog\/"},{"@type":"ListItem","position":2,"name":"Acerca de Arnold August"}]},{"@type":"WebSite","@id":"https:\/\/lademocracia.com\/Blog\/#website","url":"https:\/\/lademocracia.com\/Blog\/","name":"","description":"","potentialAction":[{"@type":"SearchAction","target":{"@type":"EntryPoint","urlTemplate":"https:\/\/lademocracia.com\/Blog\/?s={search_term_string}"},"query-input":{"@type":"PropertyValueSpecification","valueRequired":true,"valueName":"search_term_string"}}],"inLanguage":"es"}]}</script>
<!-- / Yoast SEO plugin. -->

Arnold August (Montreal, Canadá, 1944). Tiene una maestría en Ciencias Políticas de la Universidad McGill de Montreal. Escritor, periodista y conferencista, es autor de Democracy in Cuba and the 1997-98 Sigue leyendo →
