{"id":674,"date":"2024-01-05T19:21:15","date_gmt":"2024-01-05T19:21:15","guid":{"rendered":"https:\/\/lademocracia.com\/Blog\/?page_id=674"},"modified":"2024-01-09T15:09:52","modified_gmt":"2024-01-09T15:09:52","slug":"politica-de-privacidad","status":"publish","type":"page","link":"https:\/\/lademocracia.com\/Blog\/politica-de-privacidad\/","title":{"rendered":"Politica de privacidad"},"content":{"rendered":"<p>Fecha de entrada en vigor: 5 de enero de 2024<\/p>\n<p>Lademocracia.com es propiedad de Arnold August y est\u00e1 gestionado por 161982 Canada Inc. Puede ponerse en contacto con 161982 Canada Inc. en:<\/p>\n<p>blurie@emarketing-canada.com<br \/>\n(514) 626-2551<br \/>\n4327 Rue Cedar, Pierrefonds, Quebec, H9H 2J9<\/p>\n<h4>Finalidad<\/h4>\n<p>El prop\u00f3sito de esta pol\u00edtica de privacidad es informar a los usuarios de nuestro Sitio de lo siguiente lo siguiente:<\/p>\n<ol>\n<li>Los datos personales que recopilaremos<\/li>\n<li>El uso de los datos recogido<\/li>\n<li>Qui\u00e9n tiene acceso a los datos recogidos<\/li>\n<li>Los derechos de los usuarios del Sitio<\/li>\n<li>La pol\u00edtica de cookies del Sitio.<\/li>\n<\/ol>\n<p>Esta Pol\u00edtica de Privacidad se aplica adem\u00e1s de los t\u00e9rminos y condiciones de nuestro Sitio.<\/p>\n<h4>Consentimiento<\/h4>\n<p>Al utilizar nuestro Sitio, los usuarios aceptan:<\/p>\n<ol>\n<li>Las condiciones establecidas en esta Pol\u00edtica de Privacidad<\/li>\n<li>La recogida, uso y conservaci\u00f3n de los datos enumerados en la presente Pol\u00edtica de Privacidad.<\/li>\n<\/ol>\n<h4>Datos personales que recopilamos<\/h4>\n<p>S\u00f3lo recopilamos datos que nos ayudan a lograr el prop\u00f3sito establecido en esta Pol\u00edtica de Privacidad. No recopilaremos m\u00e1s datos que los enumerados a continuaci\u00f3n sin notific\u00e1rselo previamente.<\/p>\n<p><strong>Datos recogidos autom\u00e1ticamente<\/strong><\/p>\n<p>Cuando usted visita y utiliza nuestro Sitio, podemos recoger y almacenar autom\u00e1ticamente la siguiente informaci\u00f3n:<\/p>\n<ol>\n<li>Direcci\u00f3n IP<\/li>\n<li>Ubicaci\u00f3n, como pa\u00eds, estado, provincia y ciudad.<\/li>\n<li>Detalles de hardware y software: ordenador de sobremesa, port\u00e1til, dispositivo m\u00f3vil, sistema operativo.<\/li>\n<li>Enlaces visitados: qu\u00e9 p\u00e1ginas de nuestro sitio ha visitado.<\/li>\n<li>Contenido visto: v\u00e9ase m\u00e1s arriba.<\/li>\n<li>Nunca sabemos qui\u00e9n es usted, ni su direcci\u00f3n, ni su n\u00famero de tel\u00e9fono.<\/li>\n<\/ol>\n<p><strong>Datos recogidos de forma no autom\u00e1tica<\/strong><\/p>\n<p>Tambi\u00e9n podemos recopilar los siguientes datos cuando usted realiza determinadas funciones en nuestro Sitio:<\/p>\n<ol>\n<li>Nombre y apellidos.<\/li>\n<li>Direcci\u00f3n de correo electr\u00f3nico; y<\/li>\n<li>N\u00famero de tel\u00e9fono.<\/li>\n<\/ol>\n<p>Estos datos pueden recopilarse utilizando los siguientes m\u00e9todos:<\/p>\n<ol>\n<li>Formulario de solicitud en l\u00ednea.<\/li>\n<\/ol>\n<h4>C\u00f3mo utilizamos los datos personales<\/h4>\n<p>Los datos recogidos en nuestro Sitio s\u00f3lo se utilizar\u00e1n para los fines especificados en esta Pol\u00edtica de Privacidad o indicados en las p\u00e1ginas correspondientes de nuestro Sitio. No utilizaremos sus datos m\u00e1s all\u00e1 de lo que indicamos en esta Pol\u00edtica de Privacidad.<\/p>\n<p>An\u00e1lisis del sitio web. Para saber qu\u00e9 p\u00e1ginas del sitio web se visitan y c\u00f3mo los visitantes utilizan nuestro sitio durante el tiempo que permanecen en \u00e9l.<\/p>\n<p>Los datos que recopilamos autom\u00e1ticamente se utilizan para los siguientes fines:<\/p>\n<ol>\n<li>Google analytics.<\/li>\n<\/ol>\n<p>Los datos que recogemos cuando el usuario realiza determinadas funciones pueden utilizarse para los siguientes fines:<\/p>\n<ol>\n<li>Comunicaci\u00f3n.<\/li>\n<\/ol>\n<h4>Con qui\u00e9n compartimos datos personales<\/h4>\n<p><strong>Empleados<\/strong><\/p>\n<p>Podemos revelar los datos del usuario a cualquier miembro de nuestra organizaci\u00f3n que razonablemente necesite acceder a los datos del usuario para lograr los fines establecidos en esta Pol\u00edtica de Privacidad.<\/p>\n<p><strong>Otras divulgaciones<\/strong><\/p>\n<p>No venderemos ni compartiremos sus datos con terceros, salvo en los siguientes casos:<\/p>\n<ol>\n<li>Si lo exige la ley.<\/li>\n<li>Si es necesario para cualquier procedimiento legal.<\/li>\n<li>Para probar o proteger nuestros derechos legales.<\/li>\n<li>A compradores o posibles compradores de esta empresa en caso de que pretendamos venderla.<\/li>\n<\/ol>\n<p>Si sigue los hiperv\u00ednculos de nuestro Sitio a otro sitio, tenga en cuenta que no somos responsables ni tenemos control sobre sus pol\u00edticas y pr\u00e1cticas de privacidad.<\/p>\n<h4>Cu\u00e1nto tiempo almacenamos los datos personales<\/h4>\n<p>Los datos de los usuarios se almacenar\u00e1n hasta que se cumpla el prop\u00f3sito para el que fueron recogidos.<\/p>\n<p>Se le notificar\u00e1 si sus datos se conservan durante m\u00e1s tiempo del indicado.<\/p>\n<h4>C\u00f3mo protegemos sus datos personales<\/h4>\n<p>Conservados fuera de l\u00ednea s\u00f3lo accesibles a nuestros empleados<\/p>\n<p>Aunque tomamos todas las precauciones razonables para garantizar la seguridad de los datos de los usuarios y su protecci\u00f3n, siempre existe el riesgo de que se produzcan da\u00f1os. Internet en su conjunto puede ser inseguro en ocasiones y, por lo tanto, no podemos garantizar la seguridad de los datos de los usuarios m\u00e1s all\u00e1 de lo razonablemente pr\u00e1ctico.<\/p>\n<h4>Ni\u00f1os<\/h4>\n<p>No recopilamos ni utilizamos conscientemente datos personales de ni\u00f1os menores de 13 a\u00f1os. Si nos enteramos de que hemos recopilado datos personales de un ni\u00f1o menor de 13 a\u00f1os, dichos datos se eliminar\u00e1n lo antes posible. Si un ni\u00f1o menor de 13 a\u00f1os nos ha proporcionado datos personales, sus padres o tutores pueden ponerse en contacto con nuestro responsable de privacidad.<\/p>\n<h4>C\u00f3mo acceder, modificar, suprimir o impugnar los datos recogidos<\/h4>\n<p>Si desea saber si hemos recopilado sus datos personales, c\u00f3mo los hemos utilizado, si hemos revelado sus datos personales y a qui\u00e9n los hemos revelado, o si desea que sus datos sean eliminados o modificados de alguna manera, p\u00f3ngase en contacto con nuestro responsable de privacidad aqu\u00ed:<\/p>\n<p>William David Lurie<br \/>\nblurie@emarketing-canada.com<br \/>\n(514) 626-2551<\/p>\n<h3><a id=\"cookies\"><\/a><\/h3>\n<h4>Pol\u00edtica de cookies<\/h4>\n<p>Una cookie es un peque\u00f1o archivo que un sitio web almacena en el disco duro del usuario. Su finalidad es recoger datos relativos a los h\u00e1bitos de navegaci\u00f3n del usuario. Puede elegir que se le notifique cada vez que se transmita una cookie. Tambi\u00e9n puede optar por desactivar por completo las cookies en su navegador de Internet, pero esto puede disminuir la calidad de su experiencia de usuario.<\/p>\n<p>En nuestro Sitio utilizamos los siguientes tipos de cookies:<\/p>\n<ol>\n<li><strong>Cookies funcionales<\/strong><br \/>\nLas cookies funcionales se utilizan para recordar las selecciones que realiza en nuestro Sitio, de modo que sus selecciones se guarden para sus pr\u00f3ximas visitas;<\/li>\n<li><strong>Cookies anal\u00edticas<\/strong><br \/>\nLas cookies anal\u00edticas nos permiten mejorar el dise\u00f1o y la funcionalidad de nuestro Sitio mediante la recopilaci\u00f3n de datos sobre c\u00f3mo accede a nuestro Sitio; por ejemplo, recopilamos datos sobre el contenido al que accede, cu\u00e1nto tiempo permanece en nuestro Sitio, qu\u00e9 p\u00e1ginas visita y cu\u00e1nto dura su visita.<\/li>\n<li><strong>Cookies de segmentaci\u00f3n<\/strong><br \/>\nLas cookies de segmentaci\u00f3n recopilan datos sobre c\u00f3mo utiliza el sitio y sus preferencias. Esto nos permite personalizar para usted la informaci\u00f3n que ve en nuestro Sitio.<\/li>\n<\/ol>\n<h4>Modificaciones<\/h4>\n<p>Esta Pol\u00edtica de Privacidad puede ser modificada de vez en cuando para mantener el cumplimiento de la ley y para reflejar cualquier cambio en nuestro proceso de recogida de datos. Cuando modifiquemos esta Pol\u00edtica de Privacidad actualizaremos la \u00abFecha de entrada en vigor\u00bb en la parte superior de esta Pol\u00edtica de Privacidad. Recomendamos a nuestros usuarios que revisen peri\u00f3dicamente nuestra Pol\u00edtica de Privacidad para asegurarse de que se les notifica cualquier actualizaci\u00f3n. Si es necesario, podemos notificar a los usuarios por correo electr\u00f3nico los cambios en esta Pol\u00edtica de Privacidad.<\/p>\n<h4>Informaci\u00f3n de contacto<\/h4>\n<p>Si tiene alguna pregunta, duda o queja, puede ponerse en contacto con nuestro responsable de privacidad, William David Lurie, en:<\/p>\n<p>blurie@emarketing-canada.com<br \/>\n(514) 626-2551<\/p>\n","protected":false},"excerpt":{"rendered":"<p>Fecha de entrada en vigor: 5 de enero de 2024 Lademocracia.com es propiedad de Arnold August y est\u00e1 gestionado por 161982 Canada Inc. Puede ponerse en contacto con 161982 Canada <a class=\"more-link\" href=\"https:\/\/lademocracia.com\/Blog\/politica-de-privacidad\/\">Sigue leyendo \u2192<\/a><\/p>\n","protected":false},"author":1,"featured_media":0,"parent":0,"menu_order":0,"comment_status":"closed","ping_status":"closed","template":"","meta":{"footnotes":""},"class_list":["post-674","page","type-page","status-publish","hentry"],"yoast_head":"<!-- This site is optimized with the Yoast SEO plugin v27.5 - https:\/\/yoast.com\/product\/yoast-seo-wordpress\/ -->\n<title>Politica de privacidad -<\/title>\n<meta name=\"robots\" content=\"index, follow, max-snippet:-1, max-image-preview:large, max-video-preview:-1\" \/>\n<link rel=\"canonical\" href=\"https:\/\/lademocracia.com\/Blog\/politica-de-privacidad\/\" \/>\n<meta property=\"og:locale\" content=\"es_ES\" \/>\n<meta property=\"og:type\" content=\"article\" \/>\n<meta property=\"og:title\" content=\"Politica de privacidad -\" \/>\n<meta property=\"og:description\" content=\"Fecha de entrada en vigor: 5 de enero de 2024 Lademocracia.com es propiedad de Arnold August y est\u00e1 gestionado por 161982 Canada Inc. Puede ponerse en contacto con 161982 Canada Sigue leyendo \u2192\" \/>\n<meta property=\"og:url\" content=\"https:\/\/lademocracia.com\/Blog\/politica-de-privacidad\/\" \/>\n<meta property=\"article:modified_time\" content=\"2024-01-09T15:09:52+00:00\" \/>\n<meta name=\"twitter:label1\" content=\"Tiempo de lectura\" \/>\n\t<meta name=\"twitter:data1\" content=\"5 minutos\" \/>\n<script type=\"application\/ld+json\" class=\"yoast-schema-graph\">{\"@context\":\"https:\\\/\\\/schema.org\",\"@graph\":[{\"@type\":\"WebPage\",\"@id\":\"https:\\\/\\\/lademocracia.com\\\/Blog\\\/politica-de-privacidad\\\/\",\"url\":\"https:\\\/\\\/lademocracia.com\\\/Blog\\\/politica-de-privacidad\\\/\",\"name\":\"Politica de privacidad -\",\"isPartOf\":{\"@id\":\"https:\\\/\\\/lademocracia.com\\\/Blog\\\/#website\"},\"datePublished\":\"2024-01-05T19:21:15+00:00\",\"dateModified\":\"2024-01-09T15:09:52+00:00\",\"breadcrumb\":{\"@id\":\"https:\\\/\\\/lademocracia.com\\\/Blog\\\/politica-de-privacidad\\\/#breadcrumb\"},\"inLanguage\":\"es\",\"potentialAction\":[{\"@type\":\"ReadAction\",\"target\":[\"https:\\\/\\\/lademocracia.com\\\/Blog\\\/politica-de-privacidad\\\/\"]}]},{\"@type\":\"BreadcrumbList\",\"@id\":\"https:\\\/\\\/lademocracia.com\\\/Blog\\\/politica-de-privacidad\\\/#breadcrumb\",\"itemListElement\":[{\"@type\":\"ListItem\",\"position\":1,\"name\":\"Portada\",\"item\":\"https:\\\/\\\/lademocracia.com\\\/Blog\\\/\"},{\"@type\":\"ListItem\",\"position\":2,\"name\":\"Politica de privacidad\"}]},{\"@type\":\"WebSite\",\"@id\":\"https:\\\/\\\/lademocracia.com\\\/Blog\\\/#website\",\"url\":\"https:\\\/\\\/lademocracia.com\\\/Blog\\\/\",\"name\":\"\",\"description\":\"\",\"potentialAction\":[{\"@type\":\"SearchAction\",\"target\":{\"@type\":\"EntryPoint\",\"urlTemplate\":\"https:\\\/\\\/lademocracia.com\\\/Blog\\\/?s={search_term_string}\"},\"query-input\":{\"@type\":\"PropertyValueSpecification\",\"valueRequired\":true,\"valueName\":\"search_term_string\"}}],\"inLanguage\":\"es\"}]}<\/script>\n<!-- \/ Yoast SEO plugin. -->","yoast_head_json":{"title":"Politica de privacidad -","robots":{"index":"index","follow":"follow","max-snippet":"max-snippet:-1","max-image-preview":"max-image-preview:large","max-video-preview":"max-video-preview:-1"},"canonical":"https:\/\/lademocracia.com\/Blog\/politica-de-privacidad\/","og_locale":"es_ES","og_type":"article","og_title":"Politica de privacidad -","og_description":"Fecha de entrada en vigor: 5 de enero de 2024 Lademocracia.com es propiedad de Arnold August y est\u00e1 gestionado por 161982 Canada Inc. Puede ponerse en contacto con 161982 Canada Sigue leyendo \u2192","og_url":"https:\/\/lademocracia.com\/Blog\/politica-de-privacidad\/","article_modified_time":"2024-01-09T15:09:52+00:00","twitter_misc":{"Tiempo de lectura":"5 minutos"},"schema":{"@context":"https:\/\/schema.org","@graph":[{"@type":"WebPage","@id":"https:\/\/lademocracia.com\/Blog\/politica-de-privacidad\/","url":"https:\/\/lademocracia.com\/Blog\/politica-de-privacidad\/","name":"Politica de privacidad -","isPartOf":{"@id":"https:\/\/lademocracia.com\/Blog\/#website"},"datePublished":"2024-01-05T19:21:15+00:00","dateModified":"2024-01-09T15:09:52+00:00","breadcrumb":{"@id":"https:\/\/lademocracia.com\/Blog\/politica-de-privacidad\/#breadcrumb"},"inLanguage":"es","potentialAction":[{"@type":"ReadAction","target":["https:\/\/lademocracia.com\/Blog\/politica-de-privacidad\/"]}]},{"@type":"BreadcrumbList","@id":"https:\/\/lademocracia.com\/Blog\/politica-de-privacidad\/#breadcrumb","itemListElement":[{"@type":"ListItem","position":1,"name":"Portada","item":"https:\/\/lademocracia.com\/Blog\/"},{"@type":"ListItem","position":2,"name":"Politica de privacidad"}]},{"@type":"WebSite","@id":"https:\/\/lademocracia.com\/Blog\/#website","url":"https:\/\/lademocracia.com\/Blog\/","name":"","description":"","potentialAction":[{"@type":"SearchAction","target":{"@type":"EntryPoint","urlTemplate":"https:\/\/lademocracia.com\/Blog\/?s={search_term_string}"},"query-input":{"@type":"PropertyValueSpecification","valueRequired":true,"valueName":"search_term_string"}}],"inLanguage":"es"}]}},"_links":{"self":[{"href":"https:\/\/lademocracia.com\/Blog\/wp-json\/wp\/v2\/pages\/674","targetHints":{"allow":["GET"]}}],"collection":[{"href":"https:\/\/lademocracia.com\/Blog\/wp-json\/wp\/v2\/pages"}],"about":[{"href":"https:\/\/lademocracia.com\/Blog\/wp-json\/wp\/v2\/types\/page"}],"author":[{"embeddable":true,"href":"https:\/\/lademocracia.com\/Blog\/wp-json\/wp\/v2\/users\/1"}],"replies":[{"embeddable":true,"href":"https:\/\/lademocracia.com\/Blog\/wp-json\/wp\/v2\/comments?post=674"}],"version-history":[{"count":4,"href":"https:\/\/lademocracia.com\/Blog\/wp-json\/wp\/v2\/pages\/674\/revisions"}],"predecessor-version":[{"id":680,"href":"https:\/\/lademocracia.com\/Blog\/wp-json\/wp\/v2\/pages\/674\/revisions\/680"}],"wp:attachment":[{"href":"https:\/\/lademocracia.com\/Blog\/wp-json\/wp\/v2\/media?parent=674"}],"curies":[{"name":"wp","href":"https:\/\/api.w.org\/{rel}","templated":true}]}}